{"id":145,"date":"2016-09-26T02:08:58","date_gmt":"2016-09-25T23:08:58","guid":{"rendered":"http:\/\/sw-themes.com\/porto_dummy\/?page_id=8"},"modified":"2025-07-09T12:23:35","modified_gmt":"2025-07-09T09:23:35","slug":"kurumsal","status":"publish","type":"page","link":"https:\/\/www.aronkalip.com\/?page_id=145","title":{"rendered":"Kurumsal"},"content":{"rendered":"<p>[vc_row][vc_column offset=&#8221;vc_col-md-8&#8243;][vc_custom_heading text=&#8221;ARON KALIP&#8221; use_theme_fonts=&#8221;yes&#8221; el_class=&#8221;m-b-xs&#8221;][vc_column_text el_class=&#8221;lead&#8221;]Aron Kal\u0131p olarak, 20 y\u0131l\u0131 a\u015fk\u0131n tecr\u00fcbemizle al\u00fcminyum enjeksiyon kal\u0131plar\u0131 \u00fcretiminde sekt\u00f6re y\u00f6n veriyoruz.<\/p>\n<p>Tasar\u0131mdan sim\u00fclasyona, isleme \u00e7\u00f6z\u00fcmlerinden \u00f6l\u00e7\u00fcm raporlar\u0131na kadar her a\u015famada teknolojiyi yak\u0131ndan takip ederek, inovasyonun s\u0131n\u0131rlar\u0131n\u0131 zorluyoruz. Ge\u00e7mi\u015fin m\u00fchendislik birikimini analiz ederek gelece\u011fin \u00fcretim s\u00fcre\u00e7lerini \u015fekillendiriyor, kalite ve hassasiyeti m\u00fckemmel uyumla bir araya getiriyoruz.[\/vc_column_text][\/vc_column][vc_column offset=&#8221;vc_col-md-4&#8243;]<div class=\"porto-carousel owl-carousel  nav-inside \" data-plugin-options=\"{&quot;stagePadding&quot;:0,&quot;margin&quot;:10,&quot;autoplay&quot;:&quot;yes&quot;,&quot;autoplayTimeout&quot;:3000,&quot;autoplayHoverPause&quot;:false,&quot;items&quot;:1,&quot;lg&quot;:1,&quot;md&quot;:1,&quot;sm&quot;:1,&quot;xs&quot;:1,&quot;nav&quot;:false,&quot;dots&quot;:&quot;yes&quot;,&quot;animateIn&quot;:&quot;&quot;,&quot;animateOut&quot;:&quot;&quot;,&quot;loop&quot;:&quot;yes&quot;,&quot;center&quot;:false,&quot;video&quot;:false,&quot;lazyLoad&quot;:false}\">[vc_single_image image=&#8221;469&#8243; img_size=&#8221;medium&#8221; alignment=&#8221;center&#8221; style=&#8221;vc_box_shadow_3d&#8221;][vc_single_image image=&#8221;614&#8243; img_size=&#8221;medium&#8221; alignment=&#8221;center&#8221; style=&#8221;vc_box_shadow_3d&#8221;]<\/div><div class=\"stats-block stats-top  \"><div class=\"aio-icon-top\"><div class=\"ult-just-icon-wrapper  \"><div class=\"align-icon\" style=\"text-align:center;\"><\/div><\/div><\/div><div class=\"stats-desc\" id=\"counter-responsv-wrap-5552\"><div id=\"counter_112091131369ff623ee8bcd\" data-id=\"counter_112091131369ff623ee8bcd\"  data-ultimate-target='#counter-responsv-wrap-5552 .stats-number'  data-responsive-json-new='{\"font-size\":\"desktop:50px;\",\"line-height\":\"\"}'  class=\"stats-number ult-responsive\" style=\"  color:#008fe2;\" data-speed=\"3\" data-counter-value=\"100\" data-separator=\",\" data-decimal=\".\">0<\/div><div class=\"counter_suffix mycust ult-responsive\"  data-ultimate-target='#counter-responsv-wrap-5552 .mycust'  data-responsive-json-new='{\"font-size\":\"\",\"line-height\":\"\"}'  style=\" color:\">%<\/div><div counter-responsv-wrap-5552  data-ultimate-target='#counter-responsv-wrap-5552 .stats-text'  data-responsive-json-new='{\"font-size\":\"desktop:20px;\",\"line-height\":\"\"}'  class=\"stats-text ult-responsive\" style=\"font-size:px;  \">M\u00fc\u015fteri Memnuniyeti<\/div><\/div><\/div><div class=\"stats-block stats-top  \"><div class=\"aio-icon-top\"><div class=\"ult-just-icon-wrapper  \"><div class=\"align-icon\" style=\"text-align:center;\"><\/div><\/div><\/div><div class=\"stats-desc\" id=\"counter-responsv-wrap-8357\"><div id=\"counter_147833603869ff623ee8c1b\" data-id=\"counter_147833603869ff623ee8c1b\"  data-ultimate-target='#counter-responsv-wrap-8357 .stats-number'  data-responsive-json-new='{\"font-size\":\"desktop:50px;\",\"line-height\":\"\"}'  class=\"stats-number ult-responsive\" style=\"  color:#008fe2;\" data-speed=\"3\" data-counter-value=\"18\" data-separator=\",\" data-decimal=\".\">0<\/div><div counter-responsv-wrap-8357  data-ultimate-target='#counter-responsv-wrap-8357 .stats-text'  data-responsive-json-new='{\"font-size\":\"desktop:20px;\",\"line-height\":\"\"}'  class=\"stats-text ult-responsive\" style=\"font-size:px;  \">Uzman Kadro<\/div><\/div><\/div><div class=\"stats-block stats-top  \"><div class=\"aio-icon-top\"><div class=\"ult-just-icon-wrapper  \"><div class=\"align-icon\" style=\"text-align:center;\"><\/div><\/div><\/div><div class=\"stats-desc\" id=\"counter-responsv-wrap-1502\"><div id=\"counter_136498436569ff623ee8c74\" data-id=\"counter_136498436569ff623ee8c74\"  data-ultimate-target='#counter-responsv-wrap-1502 .stats-number'  data-responsive-json-new='{\"font-size\":\"desktop:50px;\",\"line-height\":\"\"}'  class=\"stats-number ult-responsive\" style=\"  color:#008fe2;\" data-speed=\"3\" data-counter-value=\"450\" data-separator=\",\" data-decimal=\".\">0<\/div><div counter-responsv-wrap-1502  data-ultimate-target='#counter-responsv-wrap-1502 .stats-text'  data-responsive-json-new='{\"font-size\":\"desktop:20px;\",\"line-height\":\"\"}'  class=\"stats-text ult-responsive\" style=\"font-size:px;  \">Farkl\u0131 M\u00fc\u015fteri<\/div><\/div><\/div>[\/vc_column][\/vc_row]<\/p>\n","protected":false},"excerpt":{"rendered":"<p>[vc_row][vc_column offset=&#8221;vc_col-md-8&#8243;][vc_custom_heading text=&#8221;ARON KALIP&#8221; use_theme_fonts=&#8221;yes&#8221; el_class=&#8221;m-b-xs&#8221;][vc_column_text el_class=&#8221;lead&#8221;]Aron Kal\u0131p olarak, 20 y\u0131l\u0131 a\u015fk\u0131n tecr\u00fcbemizle al\u00fcminyum enjeksiyon kal\u0131plar\u0131 \u00fcretiminde sekt\u00f6re y\u00f6n veriyoruz. Tasar\u0131mdan sim\u00fclasyona, isleme \u00e7\u00f6z\u00fcmlerinden \u00f6l\u00e7\u00fcm raporlar\u0131na kadar her a\u015famada teknolojiyi yak\u0131ndan takip ederek, inovasyonun s\u0131n\u0131rlar\u0131n\u0131 zorluyoruz. Ge\u00e7mi\u015fin m\u00fchendislik birikimini analiz ederek gelece\u011fin \u00fcretim s\u00fcre\u00e7lerini \u015fekillendiriyor, kalite ve hassasiyeti m\u00fckemmel uyumla bir araya getiriyoruz.[\/vc_column_text][\/vc_column][vc_column offset=&#8221;vc_col-md-4&#8243;][\/vc_column][\/vc_row]<\/p>\n","protected":false},"author":1,"featured_media":0,"parent":0,"menu_order":0,"comment_status":"closed","ping_status":"closed","template":"","meta":{"footnotes":""},"class_list":["post-145","page","type-page","status-publish","hentry"],"_links":{"self":[{"href":"https:\/\/www.aronkalip.com\/index.php?rest_route=\/wp\/v2\/pages\/145","targetHints":{"allow":["GET"]}}],"collection":[{"href":"https:\/\/www.aronkalip.com\/index.php?rest_route=\/wp\/v2\/pages"}],"about":[{"href":"https:\/\/www.aronkalip.com\/index.php?rest_route=\/wp\/v2\/types\/page"}],"author":[{"embeddable":true,"href":"https:\/\/www.aronkalip.com\/index.php?rest_route=\/wp\/v2\/users\/1"}],"replies":[{"embeddable":true,"href":"https:\/\/www.aronkalip.com\/index.php?rest_route=%2Fwp%2Fv2%2Fcomments&post=145"}],"version-history":[{"count":22,"href":"https:\/\/www.aronkalip.com\/index.php?rest_route=\/wp\/v2\/pages\/145\/revisions"}],"predecessor-version":[{"id":898,"href":"https:\/\/www.aronkalip.com\/index.php?rest_route=\/wp\/v2\/pages\/145\/revisions\/898"}],"wp:attachment":[{"href":"https:\/\/www.aronkalip.com\/index.php?rest_route=%2Fwp%2Fv2%2Fmedia&parent=145"}],"curies":[{"name":"wp","href":"https:\/\/api.w.org\/{rel}","templated":true}]}}